q)?
2, 5
What are the prime factors of 58/8*3466 - (-78)/(-52) - 3?
2, 11, 571
What are the prime factors of 29778 - (30 + (-68)/4)?
5, 5953
Let r = -18119 - -50591. List the prime factors of r.
2, 3, 11, 41
Suppose -2 - 33 = 5*x + 4*t, 0 = 5*x - t + 10. Let g(q) = -21*q - 11 - 1 - 4 - 1. What are the prime factors of g(x)?
2, 23
Let y = -18789 + 30550. What are the prime factors of y?
19, 619
Let x(r) = -5*r + 16. Let i be x(-3). Suppose i*j = 34*j - 525. List the prime factors of j.
5, 7
Let v = 18107 + 34611. List the prime factors of v.
2, 43, 613
Suppose -17*h - 7894700 = -292*h. What are the prime factors of h?
2, 7177
Suppose 16*z = 54 - 6. Suppose 0 = z*g - 10*h + 13*h - 15, -h = -5*g + 37. List the prime factors of g.
7
Let a = -7262 - -11991. List the prime factors of a.
4729
Let y(x) = 642*x**2 - 830*x + 8445. What are the prime factors of y(10)?
5, 17, 757
Let k = 60 + -55. Suppose -2*w + 410 = 3*w - 5*d, -k*w = 3*d - 434. Let a = 185 - w. List the prime factors of a.
2, 5
Let y(x) = x**3 + 9*x**2 + 3*x - 29. Let l be y(-8). Let m(a) = -6*a + 56. Let p be m(l). List the prime factors of (-668)/p - (-1)/5.
67
Suppose -4*w + 70 = w. Suppose -3*l = -w*l - 517. Let o = 56 - l. What are the prime factors of o?
103
Suppose -2*b + 757 = -s, -b - 2*b + 1139 = -5*s. Suppose b = 4*n - 962. What are the prime factors of n?
5, 67
Suppose -4*o + m = -10257, 7*o - 12*m + 10*m = 17949. What are the prime factors of o?
3, 5, 19
Let p(v) = -v**2 - 8*v - 1. Let i be p(-7). Suppose 9*l - 207 = i*l. Suppose -4*s = -8*s + 8, t = 2*s + l. List the prime factors of t.
73
Suppose -7*j = -0*j + 959. Let q = -137 - j. What are the prime factors of (-5 - -3*25) + q?
2, 5, 7
Let a = -12 - -11. List the prime factors of -6*(-2)/(a + 1006/982).
491
Suppose -115*i + 113*i + x + 67 = 0, 0 = 2*x - 2. List the prime factors of (-92 + 13)/(-2*1/i).
17, 79
Suppose 16*g - 50 = 26*g. Let l(f) = 2*f**3 + 6*f**2 - 5*f - 9. Let s be l(g). Let d = s + 174. List the prime factors of d.
2, 3, 5
Let u(c) be the third derivative of 0 - 1/12*c**4 + 0*c + 16*c**2 + 13/60*c**5 - 1/6*c**3. List the prime factors of u(-2).
5, 11
Suppose 4*x + g = 60, x + g - 46 = -2*x. Let y be -2 - ((-36)/8 + 5)*8. What are the prime factors of 1113/x - 3/y?
2, 5
Let o(v) = v**2 - 655*v**3 + 0*v**2 + 656*v**3 + 34 - 10*v. List the prime factors of o(7).
2, 89
Let g be (-207 + 0)*-2*(-1)/(-3). Let y = g + 190. List the prime factors of y.
2, 41
Suppose -25318 - 3422 = -6*d. List the prime factors of d.
2, 5, 479
Suppose 13*v - 567 = 5. Suppose -v*m = -17*m - 7263. What are the prime factors of m?
269
Let p = -17 + 34. Suppose p*g = 11*g + 48. Suppose g*w + 104 = 360. List the prime factors of w.
2
Let q be ((-3)/((-6)/8))/(-1 - -3). Suppose -q*w + 2 + 4 = 0. Let v = w + 35. List the prime factors of v.
2, 19
Suppose 22*x = 464928 + 121585 + 86093. What are the prime factors of x?
3, 43, 79
Let q(n) = 48*n**2 + 10*n + 11. Let c be q(-3). Suppose c = -23*u + 4806. What are the prime factors of u?
191
Suppose -21793 = 8*y - 24*y - 3*y. What are the prime factors of y?
31, 37
Let o(z) = -1661*z + 2164. List the prime factors of o(-6).
2, 5, 1213
Suppose k + 6 = 3*k - 2*w, 0 = -4*k + 5*w + 13. Suppose 10*d - 3*u = 5*d + 42, -14 = -k*d + 4*u. Suppose 3*f + 66 = d*f. What are the prime factors of f?
11
Let t(z) = z**3 - 4*z**2 - z + 1. Let v(x) = -2*x - 28. Let m be v(-16). Let r be t(m). List the prime factors of 3/(-39*(-6)/(-81) - r).
3
Let k(c) = c**2 + 3*c + 15. Let n(z) = -z**3 + 9*z**2 + 4*z + 1. Let t be n(9). Suppose -40*a + t*a - 24 = 0. List the prime factors of k(a).
5, 11
What are the prime factors of (-15 - -2)*(-465 + 6)?
3, 13, 17
Let v(s) = 20186*s - 1311. List the prime factors of v(2).
11, 53, 67
Let w(z) = 36*z + 58*z + 73*z - 1. Let y(v) = -2*v**3 - 36*v**2 - 153*v + 57. Let q be y(-8). What are the prime factors of w(q)?
2, 83
Suppose 0 = -5*u + y + 64, -5*y = -4*u - 18 + 65. Suppose 12*g + 497 = u*g. What are the prime factors of g?
7, 71
List the prime factors of (-25)/4*2459184/(-910).
2, 3, 5, 563
Suppose 116*k - 1187391 = -41*k. List the prime factors of k.
3, 2521
Let u(t) = -t**2. Let z(d) = 2*d**2 + 50*d + 38. Let k(y) = 3*u(y) + z(y). What are the prime factors of k(29)?
647
Let m(i) = -i**3 + 22*i**2 - 25*i - 169. Let w be m(20). Let h be -2 - 72*(2 - 3). Let v = h + w. List the prime factors of v.
3, 67
Let o(c) = c**3 - 9*c**2 - 9*c - 7. Let b be o(10). Suppose 5*s - 5*h + 409 = -b*h, 80 = -s + h. Let k = s - -139. List the prime factors of k.
2, 7
What are the prime factors of ((-8)/(-18) - (363352/36)/(-2))/1?
7, 103
Let w(c) = 9*c**3 + 4*c**2 - 8*c - 16. Let z be w(-4). Let s = z - -685. What are the prime factors of s?
3, 7
Suppose -76*s - 90*s + 74314 = -20*s. Let c = 816 + -529. Let j = s - c. What are the prime factors of j?
2, 3, 37
Let v(f) = f - 7. Let w be v(7). What are the prime factors of (w + -1)/(7/(-2478))?
2, 3, 59
Let g = 4666 - -11248. List the prime factors of g.
2, 73, 109
Suppose 784*t = 772*t + 62232. What are the prime factors of t?
2, 2593
Suppose -320163 = -33*w + 74636 - 50774. List the prime factors of w.
3, 5, 139
Let h = 37090 + -17132. List the prime factors of h.
2, 17, 587
Suppose -8256 - 71982 - 96154 = -8*v. What are the prime factors of v?
17, 1297
Let t(u) = 3*u**2 - 161*u + 11. Let n be t(8). Let g = n - -1979. List the prime factors of g.
2, 3, 149
Let x(g) = g**2 - 3. Let w be x(-10). Suppose 2*j - 6*a = -3*a + w, -j - 5*a = -16. Suppose -j = -2*t + 9. List the prime factors of t.
5
Suppose 17*p - 9527 = 15*p - 5*s, 4*s = -4*p + 19036. What are the prime factors of p?
2, 29, 41
Let p be 3/4 + 0 - (-7611)/172. List the prime factors of (46647/p - 8) + 3/(-5).
2, 257
Suppose 4*d - r - 30164 = 0, -41847 + 11691 = -4*d - r. Suppose 15*a = d - 355. List the prime factors of a.
479
Let s(w) = 9*w + 1 - 9*w**3 + 20 + 3*w**2 - 1. List the prime factors of s(-4).
2, 19
Let m(y) = 2*y**2 + 4*y + 29. Let u be m(-16). Let o = 167 + u. List the prime factors of o.
2, 7, 23
Let n(w) = 4657*w**3 + 5*w**2 - 7*w + 1. What are the prime factors of n(1)?
2, 3, 97
Suppose -4*l - 10*l = -7784. Suppose 0 = 3*y - y - 4, -2*y = -2*x + l. What are the prime factors of x?
2, 5, 7
Let x(w) = -48*w - 38. Let v be x(-4). Let z be 3/(6/10) - v. Let d = 213 + z. What are the prime factors of d?
2
Suppose 172*q - 174*q + 5*m = -8477, 0 = 4*q - m - 16981. What are the prime factors of q?
2, 11, 193
Let g(l) = 167*l**3 - 12*l**2 + 5*l - 18. What are the prime factors of g(5)?
2, 41, 251
Suppose 216 = 9*u - u. Let t = -29 - u. Let g = 74 - t. What are the prime factors of g?
2, 5, 13
Let i(b) = -b**2 + 15*b + 8. Let z be i(15). Suppose 0 = -z*k - 3*k + 1617. List the prime factors of k.
3, 7
Suppose -706623 - 70056 = -96*i + 778905. List the prime factors of i.
2, 4051
Let b = 92 - 87. Suppose 0 = -n - b*k + 312, 2*n - 4*k = 890 - 196. Let u = -183 + n. What are the prime factors of u?
2, 7, 11
Let w(j) = 2*j**2 + 2*j + 6. Let v be w(0). Suppose v*d - 197 = 541. What are the prime factors of d?
3, 41
Let y(i) = -4*i**2 + 345*i - 305. List the prime factors of y(73).
2, 3, 11
Suppose -6552 - 4657 = -11*d. What are the prime factors of d?
1019
Let r = 717 - 469. Suppose -r = -4*o + 6*w - 4*w, -5*o = 2*w - 319. What are the prime factors of o?
3, 7
What are the prime factors of 3*8/30 - (-648330)/150?
3, 11, 131
Let y = -3693 - -9393. List the prime factors of y.
2, 3, 5, 19
Let u(t) = 3*t**2 - 12*t + 35. Let n be u(5). Let z = 15 + n. What are the prime factors of z?
5, 13
Let l = -59 - -61. Suppose -11*g + l + 20 = 0. List the prime factors of (6 + g)/(-4) + 13.
11
List the prime factors of ((5 - 55/10)*1)/((-1)/89184).
2, 3, 929
Suppose 4*g = -0*g + 20, -77 = -4*v - g. Suppose -v*f + 24*f = 420. Suppose 0 = 2*r + 5*r - f. What are the prime factors of r?
2, 5
Let c be 10 - (-4 + 3 - 2). List the prime factors of 7776/c + (-22)/143.
2, 13, 23
Let m = -10215 + 17854. List the prime factors of m.
7639
Let g(y) = -7*y**2 + 3*y + 31. Let v be g(-44). List the prime factors of v/(-37) + 5/(-1).
2, 7, 13
Let i(n) = -65*n + 248. What are the prime factors of i(-15)?
1223
Suppose -2*p = 5*n + 120, -2*p + 39 = -5*n - 61. Let d(f) = 2*f**2 + 33*f + 43. List the prime fact